{"version":"1.0","provider_name":"Valais Film Commission","provider_url":"https:\/\/valaisfilmcommission.ch\/fr\/","author_name":"Valais Film Commission","author_url":"https:\/\/valaisfilmcommission.ch\/fr\/author\/admin-vfc\/","title":"Perspectives internationales gr\u00e2ce \u00e0 l\u2019AFCI. &#8211; Valais Film Commission","type":"rich","width":600,"height":338,"html":"<blockquote class=\"wp-embedded-content\" data-secret=\"IKpZDmyNua\"><a href=\"https:\/\/valaisfilmcommission.ch\/fr\/perspectives-internationales-grace-a-lafci\/\">Perspectives internationales gr\u00e2ce \u00e0 l\u2019AFCI.<\/a><\/blockquote><iframe sandbox=\"allow-scripts\" security=\"restricted\" src=\"https:\/\/valaisfilmcommission.ch\/fr\/perspectives-internationales-grace-a-lafci\/embed\/#?secret=IKpZDmyNua\" width=\"600\" height=\"338\" title=\"\u00ab\u00a0Perspectives internationales gr\u00e2ce \u00e0 l\u2019AFCI.\u00a0\u00bb &#8212; Valais Film Commission\" data-secret=\"IKpZDmyNua\" frameborder=\"0\" marginwidth=\"0\" marginheight=\"0\" scrolling=\"no\" class=\"wp-embedded-content\"><\/iframe><script type=\"text\/javascript\">\n\/* <![CDATA[ *\/\n\/*! This file is auto-generated *\/\n!function(d,l){\"use strict\";l.querySelector&&d.addEventListener&&\"undefined\"!=typeof URL&&(d.wp=d.wp||{},d.wp.receiveEmbedMessage||(d.wp.receiveEmbedMessage=function(e){var t=e.data;if((t||t.secret||t.message||t.value)&&!\/[^a-zA-Z0-9]\/.test(t.secret)){for(var s,r,n,a=l.querySelectorAll('iframe[data-secret=\"'+t.secret+'\"]'),o=l.querySelectorAll('blockquote[data-secret=\"'+t.secret+'\"]'),c=new RegExp(\"^https?:$\",\"i\"),i=0;i<o.length;i++)o[i].style.display=\"none\";for(i=0;i<a.length;i++)s=a[i],e.source===s.contentWindow&&(s.removeAttribute(\"style\"),\"height\"===t.message?(1e3<(r=parseInt(t.value,10))?r=1e3:~~r<200&&(r=200),s.height=r):\"link\"===t.message&&(r=new URL(s.getAttribute(\"src\")),n=new URL(t.value),c.test(n.protocol))&&n.host===r.host&&l.activeElement===s&&(d.top.location.href=t.value))}},d.addEventListener(\"message\",d.wp.receiveEmbedMessage,!1),l.addEventListener(\"DOMContentLoaded\",function(){for(var e,t,s=l.querySelectorAll(\"iframe.wp-embedded-content\"),r=0;r<s.length;r++)(t=(e=s[r]).getAttribute(\"data-secret\"))||(t=Math.random().toString(36).substring(2,12),e.src+=\"#?secret=\"+t,e.setAttribute(\"data-secret\",t)),e.contentWindow.postMessage({message:\"ready\",secret:t},\"*\")},!1)))}(window,document);\n\/\/# sourceURL=https:\/\/valaisfilmcommission.ch\/wp-includes\/js\/wp-embed.min.js\n\/* ]]> *\/\n<\/script>\n","thumbnail_url":"https:\/\/valaisfilmcommission.ch\/wp-content\/uploads\/2025\/10\/WhatsApp-Image-2025-10-15-at-10.41.47.jpeg","thumbnail_width":1600,"thumbnail_height":1200,"description":"Organis\u00e9 tous les deux ans par l\u2019Association of Film Commissioners International (AFCI), le Cin\u00e9posium r\u00e9unit des repr\u00e9sentants de film commissions, des producteurs, des studios et des acteurs cl\u00e9s de l\u2019industrie audiovisuelle mondiale. Contrairement \u00e0 l\u2019AFCI Week, cet \u00e9v\u00e9nement itin\u00e9rant met \u00e0 l\u2019honneur la ville ou la r\u00e9gion qui l\u2019accueille, tout en offrant un espace privil\u00e9gi\u00e9 [&hellip;]"}

Perspectives internationales grâce à l’AFCI. &#8211; Valais Film Commission

<blockquote class="wp-embedded-content" data-secret="IKpZDmyNua"><a href="https://valaisfilmcommission.ch/fr/perspectives-internationales-grace-a-lafci/">Perspectives internationales grâce à l’AFCI.</a></blockquote><iframe sandbox="allow-scripts" security="restricted" src="https://valaisfilmcommission.ch/fr/perspectives-internationales-grace-a-lafci/embed/#?secret=IKpZDmyNua" width="600" height="338" title="« Perspectives internationales grâce à l’AFCI. » &#8212; Valais Film Commission" data-secret="IKpZDmyNua" frameborder="0" marginwidth="0" marginheight="0" scrolling="no" class="wp-embedded-content"></iframe><script type="text/javascript">
/* <![CDATA[ */
/*! This file is auto-generated */
!function(d,l){"use strict";l.querySelector&&d.addEventListener&&"undefined"!=typeof URL&&(d.wp=d.wp||{},d.wp.receiveEmbedMessage||(d.wp.receiveEmbedMessage=function(e){var t=e.data;if((t||t.secret||t.message||t.value)&&!/[^a-zA-Z0-9]/.test(t.secret)){for(var s,r,n,a=l.querySelectorAll('iframe[data-secret="'+t.secret+'"]'),o=l.querySelectorAll('blockquote[data-secret="'+t.secret+'"]'),c=new RegExp("^https?:$","i"),i=0;i<o.length;i++)o[i].style.display="none";for(i=0;i<a.length;i++)s=a[i],e.source===s.contentWindow&&(s.removeAttribute("style"),"height"===t.message?(1e3<(r=parseInt(t.value,10))?r=1e3:~~r<200&&(r=200),s.height=r):"link"===t.message&&(r=new URL(s.getAttribute("src")),n=new URL(t.value),c.test(n.protocol))&&n.host===r.host&&l.activeElement===s&&(d.top.location.href=t.value))}},d.addEventListener("message",d.wp.receiveEmbedMessage,!1),l.addEventListener("DOMContentLoaded",function(){for(var e,t,s=l.querySelectorAll("iframe.wp-embedded-content"),r=0;r<s.length;r++)(t=(e=s[r]).getAttribute("data-secret"))||(t=Math.random().toString(36).substring(2,12),e.src+="#?secret="+t,e.setAttribute("data-secret",t)),e.contentWindow.postMessage({message:"ready",secret:t},"*")},!1)))}(window,document);
//# sourceURL=https://valaisfilmcommission.ch/wp-includes/js/wp-embed.min.js
/* ]]> */
</script>

Organisé tous les deux ans par l’Association of Film Commissioners International (AFCI), le Cinéposium réunit des représentants de film commissions, des producteurs, des studios et des acteurs clés de l’industrie audiovisuelle mondiale. Contrairement à l’AFCI Week, cet événement itinérant met à l’honneur la ville ou la région qui l’accueille, tout en offrant un espace privilégié [&hellip;]
